 110101010010010100 (base 2) in base 16?
35494
What is -23b5a0 (base 15) in base 3?
-10012211100020
1254467 (base 8) to base 5
42204034
-10011110100111110100 (base 2) to base 4
-2132213310
What is 11101111100110110 (base 2) in base 10?
122678
Convert -4872201 (base 9) to base 5.
-1134130304
What is -1343042400 (base 6) in base 5?
-13143211031
What is -14011103 (base 5) in base 12?
-699b7
Convert -1015003 (base 6) to base 4.
-23332023
Convert -27613a2 (base 11) to base 5.
-2204311011
-b5c511 (base 13) to base 8
-20165053
Convert 636010 (base 7) to base 3.
12121001011
What is 29db1 (base 14) in base 10?
104231
Convert 1a4280 (base 12) to base 2.
1110001001010000000
What is -11111012012022 (base 3) in base 9?
-4435168
Convert -266136 (base 7) to base 8.
-141752
Convert -132c4 (base 14) to base 11.
-32520
-343111 (base 5) to base 8
-27771
What is -25931 (base 13) in base 4?
-101000210
What is 30331002300 (base 4) in base 13?
91b834
Convert 1375009 (base 11) to base 15.
31a610
What is 2d892 (base 16) in base 3?
100110211221
Convert -34081 (base 10) to base 7.
-201235
10110101100000010110 (base 2) to base 15
ea431
What is -100111000110111101 (base 2) in base 7?
-1235011
Convert -1101110000000100110 (base 2) to base 7.
-3554461
998142 (base 11) to base 16
184aeb
391a6 (base 13) to base 14
2a785
Convert -21214212 (base 5) to base 16.
-2bc6b
What is -681323 (base 13) in base 5?
-1112141404
Convert 43004672 (base 8) to base 16.
8c09ba
Convert -2026622 (base 13) to base 10.
-9724964
-52257 (base 8) to base 3
-1002201221
Convert -eb62 (base 16) to base 2.
-1110101101100010
What is -430682 (base 9) in base 8?
-764667
What is 31340 (base 13) in base 3?
11111022112
What is 211023110 (base 4) in base 9?
251785
What is -11262782 (base 9) in base 12?
-19bb985
What is 2337274 (base 8) in base 10?
638652
340400430 (base 5) to base 3
2211001111002
What is -124056 (base 8) in base 9?
-65047
What is 4592b (base 12) in base 15?
1c7e5
Convert -3984168 (base 12) to base 6.
-1043413012
What is 154650 (base 9) in base 2?
10111010001000101
Convert -5823068 (base 11) to base 6.
-1002103334
18c5 (base 14) to base 12
2719
What is -1019c7 (base 14) in base 8?
-2043453
What is 773006 (base 11) in base 2?
100101101001110110011
What is 1611d4 (base 15) in base 8?
4043654
Convert -220000223 (base 4) to base 12.
-7aa0b
Convert 700235 (base 13) to base 7.
31044344
What is 111100011101110011101 (base 2) in base 16?
1e3b9d
2324a40 (base 11) to base 13
ac2c3c
-43197 (base 13) to base 8
-354450
What is -877 (base 13) in base 4?
-112222
What is -1010121022002 (base 3) in base 15?
-bd732
-141401 (base 10) to base 13
-4c490
What is -100010100011101010111 (base 2) in base 3?
-2010112022211
What is -233122212 (base 4) in base 7?
-1436136
What is -121200110 (base 4) in base 14?
-2a100
Convert -6301016 (base 7) to base 3.
-1102102221212
-35743 (base 8) to base 14
-5831
331303023 (base 4) to base 13
8b2a8
What is -30885 (base 13) in base 6?
-1511240
What is -4002223 (base 6) in base 15?
-3a6b3
284396 (base 10) to base 6
10032352
Convert 142404410 (base 5) to base 15.
eb720
What is 20133321032 (base 4) in base 13?
600026
Convert -23421552 (base 7) to base 12.
-83b580
764451 (base 8) to base 12
1043a1
Convert 3afef (base 16) to base 5.
30213042
5b476 (base 14) to base 6
4441040
What is 4348541 (base 11) in base 13?
1776194
Convert 9dea (base 15) to base 2.
1000001011110000
What is 1745c9 (base 13) in base 5?
122043033
What is -226445 (base 10) in base 11?
-14514a
Convert -70d3b (base 15) to base 6.
-11354232
Convert -101647 (base 11) to base 13.
-59359
What is -3bb2625 (base 12) in base 4?
-231133333331
What is 1b2f4 (base 16) in base 15?
22ed3
What is 2a38119 (base 12) in base 15?
b394e0
What is -10323313302 (base 4) in base 2?
-100111011110111110010
What is 1d0738 (base 15) in base 9?
2602608
What is -88142 (base 11) in base 7?
-1042004
Convert -189889 (base 11) to base 8.
-1070627
-1145145 (base 7) to base 12
-704a9
What is 3003682 (base 10) in base 7?
34350043
Convert 241046 (base 10) to base 5.
30203141
What is 772427 (base 9) in base 11?
295461
Convert 5490a6 (base 11) to base 6.
30435054
3349666 (base 10) to base 6
155443414
What is -1847a85 (base 12) in base 5?
-2244320341
Convert -1c78cb (base 16) to base 10.
-1865931
What is -101033102 (base 4) in base 7?
-412601
Convert -1142145 (base 6) to base 9.
-101412
301043342 (base 5) to base 12
494b20
Convert -99610 (base 10) to base 11.
-68925
Convert -12000126 (base 7) to base 8.
-4024136
What is 173987 (base 10) in base 9?
284588
Convert 56515 (base 16) to base 13.
c4c09
Convert -1031201 (base 6) to base 13.
-1a1a3
What is 164437 (base 11) in base 3?
110221110000
-411185 (base 12) to base 15
-151992
-3824d5 (base 14) to base 9
-3556628
What is -3e55d (base 15) in base 11?
-127576
What is -3535132 (base 8) in base 12?
-3a66a2
-13332231131 (base 4) to base 9
-3837448
-1eaae8 (base 16) to base 12
-80b120
158532 (base 10) to base 9
261416
Convert -13163370 (base 8) to base 16.
-2ce6f8
-2fd49a (base 16) to base 6
-151104042
What is 234837 (base 9) in base 13?
4c474
Convert 1407b (base 12) to base 8.
66137
What is 1b9c (base 13) in base 11?
3165
What is 2022105 (base 6) in base 7?
550661
What is 1b3c63 (base 13) in base 15?
daa29
-201123222313 (base 4) to base 11
-4a46652
Convert 94a384 (base 12) to base 9.
4356181
Convert -3532 (base 10) to base 13.
-17b9
-153a9 (base 13) to base 3
-2001010121
Convert -1100200011121 (base 3) to base 6.
-23245454
What is -225861 (base 10) in base 2?
-110111001001000101
What is 2526460 (base 8) in base 7?
5642634
Convert -220140420 (base 5) to base 2.
-11100110010010000011
Convert -220101001111 (base 3) to base 11.
-2a8471
What is -164332 (base 12) in base 16?
-5ced6
-12001102211 (base 3) to base 4
-120102013
Convert -101001101010111010011 (base 2) to base 7.
-14414634
-5b1a58 (base 14) to base 16
-2f8dbe
What is -747376 (base 16) in base 7?
-121603645
Convert -210030322310 (base 4) to base 3.
-122212010222012
Convert -10212220112221 (base 3) to base 5.
-1012034211
What is 198f0 (base 16) in base 3?
12022121100
2343645 (base 7) to base 12
123833
-7e45 (base 15) to base 3
-1100211002
What is 211b4d (base 15) in base 4?
12000212002
Convert 1401885 (base 11) to base 16.
24e5ed
Convert de85b (base 15) to base 16.
acabd
What is b36d0 (base 15) in base 13?
16ba23
20033333 (base 4) to base 10
33791
Convert -1216445 (base 7) to base 13.
-55ca3
What is -2373454 (base 8) in base 7?
-5360040
What is 7417c (base 13) in base 3?
101121200021
Convert -51d19b (base 16) to base 11.
-3032674
Convert 5b2aa (base 12) to base 14.
32c14
-32231a (base 11) to base 15
-a2b06
Convert 1110011001010110111 (base 2) to base 9.
788080
-2d61f (base 16) to base 15
-3a127
Convert 1010100111101100000 (base 2) to base 10.
348000
What is 5237 (base 10) in base 5?
131422
Convert 8a76 (base 12) to base 4.
3233322
Convert -111500 (base 9) to base 3.
-10101120000
-300032133 (base 4) to base 5
-22310120
Convert 1031145 (base 7) to base 4.
132211131
67720 (base 12) to base 14
381a8
-6430464 (base 12) to base 11
-a78a575
-4761 (base 12) to base 4
-1330321
Convert 303332305 (base 6) to base 12.
18b1095
-22202201102 (base 3) to base 15
-361e8
What is -245764 (base 14) in base 9?
-2306108
Convert 2032202133 (base 4) to base 12.
241a53
-122220121102 (base 3) to base 4
-1112010212
Convert -1234113 (base 5) to base 10.
-24283
-bb8942 (base 12) to base 16
-2d7a42
-7a8b4 (base 12) to base 9
-268521
Convert -97349 (base 14) to base 3.
-200120111221
Convert 102020 (base 12) to base 4.
331212120
-416036 (base 8) to base 14
-38566
What is -f6b (base 16) in base 14?
-161d
What is -174522 (base 8) in base 11?
-43a54
158521 (base 12) to base 10
367081
What is 1122121455 (base 6) in base 14?
19149ab
What is 1000111000001111100001 (base 2) in base 3?
11101020202111
-b1207 (base 13) to base 2
-1001101010100101001
What is 4c50bc (base 13) in base 3?
10110102200202
136b6 (base 16) to base 5
10021132
What is 3245011 (base 6) in base 13?
58846
-77bc4 (base 14) to base 11
-189244
142005 (base 10) to base 13
4c836
202323130 (base 4) to base 15
2c5cd
-2431364 (base 12) to base 13
-15c27c1
100011101111010110001101 (base 2) to base 11
531a059
-124030044 (base 6) to base 11
-140a